e 8, what is 10255 + 1?
10256
In base 7, what is 61 + 511420?
511511
In base 13, what is -12 - 177?
-189
In base 11, what is -5 - -14382?
14378
In base 4, what is -30 + -230011?
-230101
In base 11, what is -181 - 20087?
-20258
In base 13, what is 8ac6a + 0?
8ac6a
In base 11, what is 21078 - 5?
21073
In base 3, what is -1101 - -1220012220?
1220011112
In base 3, what is 1101021 + 1200?
1102221
In base 8, what is -42 + -1455?
-1517
In base 2, what is 1000101100110100 + -101011?
1000101100001001
In base 9, what is -18434 - 4?
-18438
In base 13, what is 4 + 334a?
3351
In base 14, what is -629 + 433?
-1d6
In base 11, what is -96 + -2574?
-265a
In base 8, what is 4 - 2267?
-2263
In base 14, what is 8 - -3cb4?
3cbc
In base 9, what is -3842212 + 0?
-3842212
In base 5, what is 244430414 + -1?
244430413
In base 13, what is -818 + -202?
-a1a
In base 7, what is 11 - -1146212?
1146223
In base 6, what is 0 + 151040?
151040
In base 13, what is -8a - 2693?
-2750
In base 6, what is -353554 - 4?
-354002
In base 9, what is -5 - -66186?
66181
In base 13, what is -2a + -cba3?
-cc00
In base 6, what is 2 - 5134122?
-5134120
In base 15, what is 3 + 669?
66c
In base 7, what is -2121606 + 0?
-2121606
In base 3, what is -10100000210 - -2?
-10100000201
In base 10, what is -4 + 87107?
87103
In base 5, what is 300034 - 104?
244430
In base 6, what is -13525 - 1?
-13530
In base 3, what is 0 - 221110020?
-221110020
In base 7, what is -30 + 104242?
104212
In base 5, what is -10 + -42143234?
-42143244
In base 13, what is a0cc + -2?
a0ca
In base 13, what is 8a2 + 209?
aab
In base 13, what is -b83 + -42?
-bc5
In base 8, what is 27477 - 0?
27477
In base 4, what is -1213002013 + 10?
-1213002003
In base 16, what is -19 - 27e?
-297
In base 15, what is 93c + b?
948
In base 5, what is 1 + -13134131?
-13134130
In base 14, what is -458 + 3a8?
-90
In base 8, what is -206065 + 6?
-206057
In base 4, what is 10 - -3011203?
3011213
In base 9, what is -238 + -1406?
-1645
In base 11, what is -156676 + 2?
-156674
In base 7, what is 5 - 105064?
-105056
In base 3, what is 122001 + -1221001?
-1022000
In base 2, what is 1101100 - 1001010110?
-111101010
In base 11, what is -110633 - 5?
-110638
In base 11, what is 804 - 78a?
25
In base 14, what is -29 + -22?
-4b
In base 11, what is 4479 - 20?
4459
In base 9, what is -4053 - -13?
-4040
In base 13, what is -3 - -1776?
1773
In base 7, what is 3223362 - -5?
3223400
In base 15, what is -3 - -87856?
87853
In base 7, what is -23202645 - 4?
-23202652
In base 8, what is 32147 + -12?
32135
In base 12, what is -74883 + 1?
-74882
In base 12, what is -8 - -11?
5
In base 14, what is 1730d9 - -3?
1730dc
In base 4, what is 33231110 - 11?
33231033
In base 12, what is 1a90b + -3?
1a908
In base 8, what is 500012 - 5?
500005
In base 9, what is -341 - 17322?
-17663
In base 15, what is -5392 + -3?
-5395
In base 16, what is -1ba + 2b4?
fa
In base 4, what is -11322313 - 200?
-11323113
In base 4, what is 110213 - -23310?
200123
In base 6, what is -22525 - -1053?
-21432
In base 7, what is -12 + 11520?
11505
In base 10, what is -502248 + 1?
-502247
In base 15, what is -2 - -2585?
2583
In base 14, what is 74d0 + 2?
74d2
In base 10, what is -683 - -66?
-617
In base 7, what is -1143544 - -3?
-1143541
In base 15, what is -2b + -36e8?
-3724
In base 10, what is 1184 - 0?
1184
In base 12, what is 1308b4 + 9?
130901
In base 4, what is 103303 + -113?
103130
In base 7, what is -2266 - -1201?
-1065
In base 11, what is 8 + -5333?
-5326
In base 9, what is 261 + -65?
185
In base 10, what is -312 + -2362?
-2674
In base 10, what is 0 + 369387?
369387
In base 3, what is 20 - -100121102?
100121122
In base 9, what is 1 - -70165?
70166
In base 10, what is -23 - -168?
145
In base 11, what is -1 - -12833?
12832
In base 6, what is -233 - -10133?
5500
In base 2, what is 110011111 - -100000110?
1010100101
In base 7, what is 1214 - 10?
1204
In base 14, what is 61a + -7?
613
In base 14, what is -29b58 - 1c?
-29b76
In base 8, what is -2032573 - -5?
-2032566
In base 15, what is -b9 + 10c9?
1010
In base 7, what is -36301 + -5?
-36306
In base 7, what is 6 - -31426?
31435
In base 16, what is 55 + -19c7?
-1972
In base 4, what is 11310 - 2122?
3122
In base 2, what is 101 + -1000000100011010?
-1000000100010101
In base 3, what is -1 + 201201120?
201201112
In base 15, what is e50 + -10?
e40
In base 9, what is -2180 + -376?
-2566
In base 3, what is 10 - 10020122?
-10020112
In base 5, what is 23 - -2222041?
2222114
In base 6, what is 1 - -3341222?
3341223
In base 16, what is 6f + -72f2?
-7283
In base 3, what is 100 - 10122001212?
-10122001112
In base 14, what is -2 - -397d3?
397d1
In base 10, what is -18760 - 5?
-18765
In base 8, what is 2065550 - 2?
2065546
In base 8, what is 5 + 505762?
505767
In base 6, what is -4 - 132233?
-132241
In base 11, what is -26a32 + 47?
-26996
In base 8, what is -1 - -232433?
232432
In base 4, what is 10203011 + 21?
10203032
In base 13, what is 331 - 38?
2c6
In base 13, what is -3 - -37b2?
37ac
In base 11, what is -204aa - -2a?
-20480
In base 5, what is 2 - -11320332?
11320334
In base 5, what is -41433302 - 2?
-41433304
In base 6, what is -3102354 - 2?
-3102400
In base 15, what is -5124 - -28?
-50eb
In base 7, what is -346 - 430?
-1106
In base 10, what is -121 - -414?
293
In base 11, what is 4 + 370325?
370329
In base 7, what is -101 - -14?
-54
In base 12, what is -2 + 4419?
4417
In base 13, what is 5c + 260?
2bc
In base 14, what is 2 + -7535?
-7533
In base 2, what is 1000100101100 - 0?
1000100101100
In base 13, what is 286c3 - 1?
286c2
In base 12, what is 38 + -724?
-6a8
In base 11, what is -3 - -9327?
9324
In base 4, what is 101000312 + 3?
101000321
In base 4, what is -13133 - -103?
-13030
In base 14, what is 1046d5 + -1?
1046d4
In base 2, what is -1010101010 - -111000?
-1001110010
In base 7, what is -36446455 + -3?
-36446461
In base 5, what is -102 - 134010?
-134112
In base 12, what is -bab3ab + 2?
-bab3a9
In base 3, what is -11101022 + -212020?
-12020112
In base 7, what is 26032 - -10?
26042
In base 8, what is 3166 - -7?
3175
In base 9, what is -383854 + 1?
-383853
In base 4, what is -3113 - -2113131?
2110012
In base 11, what is 878 + -866?
12
In base 7, what is -1 + -354243?
-354244
In base 12, what is 55881 - 0?
55881
In base 14, what is 189 + -72?
117
In base 8, what is 5376 - -342?
5740
In base 7, what is -23 - 236424?
-236450
In base 14, what is 5 + 3340?
3345
In base 16, what is -9d7 - -1d?
-9ba
In base 4, what is -11 + -300123312?
-300123323
In base 16, what is -414 - 10?
-424
In base 15, what is -94 - 70?
-114
In base 6, what is 33 + -1245535?
-1245502
In base 2, what is 100 - -1011110111101000000?
1011110111101000100
In base 12, what is 2a335 + 20?
2a355
In base 16, what is -b38 + 56?
-ae2
In base 3, what is -11 + 110011000?
110010212
In base 5, what is -32424 + 103?
-32321
In base 10, what is -160 - 1449?
-1609
In base 12, what is 0 + 3921b?
3921b
In base 12, what is 0 + 170a61?
170a61
In base 13, what is 8c553a + -4?
8c5536
In base 8, what is -214 + -756?
-1172
In base 15, what is 13cd - -3?
13d1
In base 9, what is -133 - -86?
-36
In base 10, what is -73 + 2215?
2142
In base 9, what is 2 + 105681?
105683
In base 2, what is 101 + -100100010001100?
-100100010000111
In base 12, what is -2 - -43619?
43617
In base 12, what is 174 - 104?
70
In base 6, what is -45425031 - 3?
-45425034
In base 2, what is -10001010111000 - -11?
-10001010110101
In base 8, what is 1561334 + -2?
1561332
In base 5, what is 142044041 + 3?
142044044
In base 13, what is -245 + -610c?
-6354
In base 12, what is 1b + b897?
b8b6
In base 13, what is 1a - -1677?
1694
In base 9, what is 622630 - 3?
622626
In base 10, what is 48727 + -18?
48709
In base 11, what is -39 - 231?
-26a
In base 7, what is 2014 - -150?
2164
In base 6, what is 1305 - -122?
1431
In base 2, what is -1100011100100111 - -1?
-1100011100100110
In base 3, what is 12101 - 11120201?
-11101100
In base 8, what is -1463 + 4606?
3123
In base 8, what is 17032 - -161?
17213
In base 6, what is 444 - -1220?
2104
In base 8, what is 2143 - 3057?
-714
In base 6, what is -11011 - -445?
-10122
In base 9, what is 38 - 10870?
-10831
In base 8, what is -3 - -21266?
21263
In base 5, what is 31213 - 11?
31202
In base 2, what is 100000110011 - 10001110?
111101